+ ((41 - 31) + 45 - 14)?
45
What is -3 + 52 - (-60 + (90 - 45))?
64
Evaluate 78 + -1 - (-21973 + 22008).
42
Evaluate 6658 + -6635 + 0 + 3.
26
What is (-77 - (-90 - 19)) + -4 + 1?
29
Calculate (35 + -44 - 102) + 46.
-65
Calculate (7 - 20) + 3 + 39.
29
Calculate -60 - -17 - ((-27 - -52) + -39).
-29
Evaluate (-45 + 11 - -118) + -56.
28
What is the value of (2 - -4) + -39 + (7 - -11) + 6?
-9
What is -52 - (-21 - (18 - 58))?
-71
-15 + (83 - 38) + 1 + 16 - (0 - -5)
42
What is the value of (85 - 89) + 6 + -5?
-3
What is the value of 2 + 17 + (48 - -12) + -77?
2
What is 19 + (-40 - (-7 - -8)) + 20?
-2
Calculate (-68 + (-8 - -5) - -2) + (-22 - -7) + 23.
-61
Calculate (-55 + 127 - -17) + -159.
-70
What is the value of -21 + 1 - (-82 - (-188 + 87))?
-39
What is 299 - 286 - (-7 + 42) - (92 + 0)?
-114
What is the value of -3 + (5 - -29) - (742 + -686)?
-25
What is the value of -15 - -161 - (8 - (-42 - -35))?
131
Evaluate 4 + (13 - 0) - (217 - 172).
-28
Evaluate (-55 - -99 - 61) + (51 - 1).
33
Calculate -33 + 5 + (8 - -122) + -3.
99
Calculate (-135 - -376) + -232 + -1 + (3 - 2 - -55).
64
What is -2 + 5 - -16 - (-6 - (25 + -43))?
7
What is 13 + 6 + -14 - (-46 + 1 + 8)?
42
(24 + (-53 - -23) - (2 - -2)) + -27
-37
Evaluate -25 + 3 + -1 - (-19 + 10 + 0).
-14
Calculate 4 - (-11 + -10 + 17 + 20 + -9).
-3
Calculate (-1 - (2 + 7)) + 11 + 24 + 6.
31
1 + (4 + 5 - (50 + (-18 - -12)))
-34
What is the value of -37 - (4 + -1 + 7 + (-126 - -127)) - 8?
-56
Evaluate (2 - -1 - (2 - 4)) + (10 - -67) + -37.
45
(25 - 0) + 7 + -18 - (0 + -2 + -1)
17
What is the value of 14 - (6 + 18 + -9 + -9)?
8
Evaluate -44 + (106 - (-57 + 113)).
6
What is the value of 24 + -27 - (1 + -2 + (-17 - 8 - -3))?
20
(89 - 42) + -32 + 1
16
What is the value of (1 - 8) + (2 - 0) + (421 + -168 - 212)?
36
16 + (-14 - -32) - (-9 - (-1 - 3))
39
-103 - -14 - (-18 + (11 - 4))
-78
Calculate 5 + (-2 - 113) - (-13 + 33 + -39).
-91
What is 204 - 330 - (18 - 11)?
-133
-31 + -4 + (-37 - -41 - 2)
-33
Calculate -94 + (-4 - (88 + -268)).
82
What is the value of (-149 - -45) + -12 - -189?
73
What is the value of 254 + (-67 - -65 - 151)?
101
What is (66 - -1) + (-2234 - -2172)?
5
What is the value of -919 + 926 + 1 + 11?
19
Evaluate -12 - 69 - -35 - -65.
19
Calculate 22 + (69 + -37 - (23 - 4)).
35
What is 14 + -10 - (-1 - (-1 + -5) - 6) - -4?
9
Evaluate 10 + 10 + -3 + (0 - 3 - -17).
31
(273 - (270 - 36)) + (0 - -6)
45
(24 - 19) + -10 + 17 + -17 + 8
3
Evaluate -5 - -9 - (-306 + 264).
46
Calculate -60 - 1 - -2 - (-72 + 104).
-91
What is the value of -5 + 30 + 10 + 5 + -9?
31
What is the value of (-261 + 272 + (-9 - 1) - 16) + (1 - 3)?
-17
Calculate -18 + (19 - 29) + 4 - (8 + -1 + -1).
-30
Evaluate 0 + 1 + (21 + -52 - (0 - 4)).
-26
(-75 - -88) + -100 + 55
-32
What is the value of 83 - 94 - 14 - 95?
-120
Evaluate (-11 - (6 + 5 + -31) - -1) + 1.
11
Evaluate (2 - (125 + (10 - 17) + 2 + -15)) + 7.
-96
Calculate 4 + -3 + 48 - (1527 + -1510).
32
Evaluate 3 + (1 - -2 - (23 + -9 + -15 - 3)).
10
Evaluate -23 + -2 - (3 - -12 - 6 - -6).
-40
Calculate (-17 - -1 - -5 - 1) + (-256 - -223).
-45
Calculate 42 - 4 - -75 - 7 - 14.
92
What is the value of 14 + (29 - -129) + -75?
97
What is 124 + (-86 - (34 + -33))?
37
9 - 4 - -2 - (23 - -11)
-27
What is the value of (-47 - -33) + (-3 - (-11 + 3)) + 20?
11
What is (2 - -110) + (-156 - -118)?
74
Evaluate -9 + (37 - 0) - (0 - (17 + -6) - -13).
26
13 + -14 - ((6 - -3) + -6 - (-13 + 18))
1
What is 23 - (26 + -17 - -14) - (11 + -1)?
-10
Evaluate (8 - 30) + 10 + (7 - -3).
-2
What is the value of 180 - 193 - (3 - (-5 - 2))?
-23
Calculate (127 - 55 - 90) + 110.
92
Calculate 69 + (11 + 5 - (40 + 7)).
38
What is the value of -9 + 4 - (-73 + 16 + 47)?
5
What is (105 - 2) + 2 + -11 + 7 + -25 + 14?
90
What is the value of 72 + 67 + -38 - 49?
52
What is the value of 2 + (-10 - -3) + (-15 - (-13 - 13))?
6
What is the value of -28 - ((74 - 11) + 37) - -11?
-117
What is -27 + -55 + 42 + 70?
30
What is -46 - (-61 - (-76 - -57))?
-4
What is -4 - 1 - (12 + (-3 - 6) + -14)?
6
Evaluate 60 + -123 + (72 - 6).
3
Calculate (2 - (-72 - -70)) + 20.
24
7 + -21 + 50 + -12 + -53
-29
Evaluate -91 + (104 - -105 - 81).
37
Evaluate 5 + 43 - 39 - (-3 - 46).
58
(-3 - 1 - (2 - 0)) + (595 - 631)
-42
What is the value of (-59 - (-5 - 10)) + 59?
15
What is the value of 6 + 44 - (-19 + 8 + 5)?
56
Calculate 71 - (31 - (82 + -182)).
-60
What is the value of -7 - -9 - (0 + (-21 - 0))?
23
-73 + -26 + (-35 - -38)
-96
-47 + 68 + (31 - 34)
18
Evaluate 22 + -33 - (6 + 2 - (-13 - -6)).
-26
Evaluate -9 + (33 - 3 - (-163 + 176)).
8
-130 - ((-25 - -48) + -75)
-78
What is the value of -36 + -41 + 26 + -16 + 36?
-31
What is -1 + 60 + 802 + -827 + -14?
20
What is 2 + (6 - 31) + (211 - 47 - 53)?
88
What is the value of -7 + 1 - (1 + -63 + 59)?
-3
Evaluate -50 + 16 + 96 + -79.
-17
7 + (-24 - (6 + -13) - -114)
104
Calculate 107 + (-116 - (-10 + -65)).
66
What is 2 + (14 - -2 - (20 + -26 + 6))?
18
What is 1 - -12 - (-53 - (-44 - 48))?
-26
What is the value of (25 + -47 - -15) + (-7 - 0) + 9 + -51?
-56
Calculate -7 + (26 - (-14 + 17)) + 6.
22
Calculate (-14 - -28) + 41 + -59.
-4
Evaluate (-37 - (1 - -89 - 36)) + 37.
-54
What is the value of (0 - -5) + (-22 - (-20 + 37 - 19))?
-15
Calculate -16 - ((-2 - -1) + -9 - (-2081 - -2013)).
-74
-2 + -55 + 29 - (53 + -2)
-79
Calculate (-116 - -109) + (-3 - (3 + (4 + -5 - -7))).
-19
Calculate 61 - (163 + -81) - 42.
-63
-109 + 248 + (43 - 88)
94
What is -84 - -1 - (27 - 29) - (83 - 96)?
-68
What is (-7 + 10 - 10 - (32 + -29)) + -16?
-26
(10 - (-10 - -7)) + -41 - (9 - 10)
-27
What is (8 - (5 - -11)) + 5 + (-14 - -5) + -4?
-16
Calculate 2 + 27 + -873 + 867.
23
Calculate (0 - (44 - 65)) + -29.
-8
157 + (16 + -272 - -110)
11
Calculate -10 - (25 + -3 - 6 - 31).
5
(6955 - 7039) + 1 + 90
7
What is the value of ((7 - -1) + -4 - -1) + -34 + -23 + 160?
108
-34 - 44 - (-15 + 7 + -11)
-59
What is -52 - ((-8 - -5) + -1)?
-48
What is the value of -70 + 20 - -90 - 69?
-29
Evaluate -33 - (-7 + -24 + 7).
-9
What is the value of (-68 - -58) + (6 - 31)?
-35
Evaluate 2 + 97 - (7091 + -6934).
-58
22 - (-60 + 50 + 12)
20
Evaluate 72 + 24 + (-3 - -1) - 10 - -9 - -14.
107
Calculate -46 + (-21 - 21) + 31.
-57
120 + 68 + -86 + -18 + -3
81
What is -16 - (-54 - (-55 + 20))?
3
What is (252 - 320) + (0 - 6 - 0) + 5?
-69
29 + -29 - (-8 + -2) - (109 - 97)
-2
What is 16 + -21 + 14 + -9 + -43?
-43
6 + (-22 - (-8 + -29))
21
Calculate 215 + -284 + (8 - -137).
76
Calculate -69 - (2 + -2 - ((-40 - -67) + -47)).
-89
What is 28 + -41 + -51 + 19 + 0 + -11?
-56
What is -264 + 280 - (10 + -5 + -42)?
53
What is the value of (-3 - (-27 - -10)) + (3 - 4) + 11?
24
Calculate (205 - 467 - -270) + (1 - 0 - -45).
54
What is -2 + 4 + 1 + 36 + -6 + -21?
12
What is (-17 - (1 + -4)) + (6 - 4) + 8?
-4
What is (13 - 36) + 17 - (4 + 16)?
-26
Evaluate 10 - -29 - 34 - (0 - (7 + -65) - -6).
-59
(3 - -5) + 96 - 8 - (-18 + 39)
75
What is the value of -11 + -1 + 1 + 16 + -3 + -23 - 11?
-32
What is -44 + 5 + -53 + 112?
20
What is (10 - 6 - -78 - (1 + 4 + -14)) + -9?
82
Calculate -34 + 2 - ((-63 - -25) + 65).
-59
What is (-6 - 7 - 2) + 12 + -12 + 72?
57
What is the value of -4 + 3 - -42 - (245 + -151 - 97)?
44
Calculate 13 - (33 - 12 - 9 - 29) - -7.
37
Evaluate (49 + -93 - 23) + (1 - (-7 + 0)).
-59
What is the value of -27 + 32 + 1 + -436 + 461?
31
What is the value of (0 + -33 - -38) + 8 + -26?
-13
9 + -4 + (9 - ((-8 - -1) + 13 - -44))
-36
What is -31 + (-1 - 2) + (-7 - -18)?
-23
Evaluate 39 + (-25 - 36) + -3.
-25
What is the value of (25 - (6 - -3) - 3) + (13 + -90 - -4)?
-60
What is 3 + -18 - (3 - (10 + 9 + -11 + -17))?
-27
Calculate 22 - (-12 - -50 - 28).
12
19 - ((-1 - (-1 - -1)) + (11 - (-23 + 28)))
14
What is (-2 - -2 - (6 - (7 - 2))) + 123 + -80?
42
What is the value of (6 - (-7 - (24 - 22))) + -52?
-37
Calculate 3 + (-8 - (12 + -3 + 5 + -11)).
-8
(221 - 4 - 104) + 22 + -2
133
Evaluate -16 + (-18 - 0) - -14.
-20
Evaluate 19 + -79 + (55 - 10).
-15
What is the value of (118 - 160) + -85 - -264?
137
13 + 12 + 49 + 6 + -25 - (-3 + -1)
59
Evaluate (34 - 69) + 44 - (2 + (33 - 1)).
-25
What is -18 - (-36 - (-10 - -5)) - (21 - 0)?
-8
What is the value of -6 + -2 - ((21 - (35 - 21)) + 30)?
-45
Evaluate 17 + 176 + -162 + -4 + 5 + -12.
20
Calculate 1 + 59 + (8 - (11 + (7 - (-4 - 